
{"id":245,"date":"2024-12-16T17:04:36","date_gmt":"2024-12-16T17:04:36","guid":{"rendered":"https:\/\/educationaldatamining.org\/edm2025\/?page_id=245"},"modified":"2025-08-14T11:06:14","modified_gmt":"2025-08-14T11:06:14","slug":"pc-members","status":"publish","type":"page","link":"https:\/\/educationaldatamining.org\/edm2025\/pc-members\/","title":{"rendered":"PC Members"},"content":{"rendered":"\n<h4 class=\"wp-block-heading\">Senior PC Members<\/h4>\n\n\n\n<p>Bita Akram &#8211; North Carolina State University United States<br>Vincent Aleven &#8211; Human-Computer Interaction Institute, Carnegie Mellon University, Pittsburgh, USA Turkmenistan<br>Roger Azevedo &#8211; University of Central Florida United States<br>Ryan Baker &#8211; University of Pennsylvania United States<br>Tiffany Barnes &#8211; North Carolina State University United States<br>Nigel Bosch &#8211; University of Illinois Urbana-Champaign United States<br>Anthony F. Botelho &#8211; University of Florida United States<br>Jesus G. Boticario &#8211; UNED Spain<br>Fran\u00e7ois Bouchet &#8211; Sorbonne Universit\u00e9 &#8211; LIP6 France<br>Alex Bowers &#8211; Columbia University United States<br>Christopher Brooks &#8211; University of Michigan United States<br>Alexandra Cristea &#8211; Durham University United Kingdom<br>Michel Desmarais &#8211; Ecole Polytechnique de Montreal Canada<br>Fabiano Dor\u00e7a &#8211; Universidade Federal de Uberlandia Brazil<br>Michael Eagle &#8211; George Mason University United States<br>Vanessa Echeverria &#8211; Monash University Australia<br>Yo Ehara &#8211; Tokyo Gakugei University Japan<br>Stephen Fancsali &#8211; Carnegie Learning, Inc. United States<br>Mingyu Feng &#8211; WestEd United States<br>Carol Forsyth &#8211; Educational Testing Service United States<br>Dragan Gasevic &#8211; Monash University Australia<br>Neil Heffernan &#8211; Worcester Polytechnic Institute United States<br>Sharon Hsiao &#8211; Santa Clara University United States<br>Paul Inventado &#8211; California State University Fullerton United States<br>Johan Jeuring &#8211; Utrecht University Netherlands<br>Srecko Joksimovic &#8211; Education Future, University of South Australia Australia<br>Jelena Jovanovic &#8211; University of Belgrade Serbia<br>Kirsty Kitto &#8211; University of Technology, Sydney Australia<br>Rene Kizilcec &#8211; Cornell University United States<br>Simon Knight &#8211; UTS Australia<br>Irena Koprinska &#8211; The University of Sydney Australia<br>Tanja K\u00e4ser &#8211; EPFL Switzerland<br>S\u00e9bastien Lall\u00e9 &#8211; Sorbonne University France<br>Andrew Lan &#8211; University of Massachusetts Amherst United States<br>Jeonghyun Lee &#8211; Georgia Institute of Technology United States<br>James Lester &#8211; North Carolina State University United States<br>Collin Lynch &#8211; North Carolina State University United States<br>Mirko Marras &#8211; University of Cagliari Italy<br>Roberto Angel Melendez &#8211; Instituto Tecnologico Superior de Misantla Mexico<br>Agathe Merceron &#8211; Berliner Hochschule f\u00fcr Technik &#8211; Berlin State University of Applied Sciences Germany<br>Roger Nkambou &#8211; Universit\u00e9 du Qu\u00e9bec \u00e0 Montr\u00e9al Canada<br>Jaclyn Ocumpaugh &#8211; University of Pennsylvania United States<br>Andrew Olney &#8211; University of Memphis United States<br>Benjamin Paa\u00dfen &#8211; Bielefeld University Germany<br>Ranilson Paiva &#8211; Universidade Federal de Alagoas Brazil<br>Luc Paquette &#8211; University of Illinois at Urbana-Champaign United States<br>Zach Pardos &#8211; University of California, Berkeley United States<br>Radek Pel\u00e1nek &#8211; Masaryk University Brno Czechia<br>Niels Pinkwart &#8211; Humboldt-Universit\u00e4t zu Berlin Germany<br>Agoritsa Polyzou &#8211; Florida International University United States<br>Thomas Price &#8211; North Carolina State University United States<br>Mar P\u00e9rez-Sanagust\u00edn &#8211; Universit\u00e9 Paul Sabatier Toulouse III France<br>Anna Rafferty &#8211; Carleton College United States<br>R Rajalakshmi &#8211; VIT University, Chennai Campus India<br>Ramkumar Rajendran &#8211; IIT Bombay India<br>Maria Mercedes T. Rodrigo &#8211; Department of Information Systems and Computer Science, Ateneo de Manila University Philippines<br>Cristobal Romero &#8211; Department of Computer Sciences and Numerical Analysis Spain<br>Shazia Sadiq &#8211; The University of Queensland Australia<br>Sherry Sahebi &#8211; University at Albany &#8211; SUNY United States<br>Niels Seidel &#8211; FernUniversit\u00e4t in Hagen Germany<br>Atsushi Shimada &#8211; Kyushu University Japan<br>Sergey Sosnovsky &#8211; Utrecht University Netherlands<br>Tiffany Tang &#8211; Wenzhou-Kean University China<br>Stefan Trausan-Matu &#8211; University Politehnica of Bucharest Romania<br>Maomi Ueno &#8211; The University of Electro-Communications Japan<br>Sebasti\u00e1n Ventura &#8211; University of Cordoba. Dept. of Computer Science and Numerical Analysis Spain<br>Jill-J\u00eann Vie &#8211; Inria Lille France<br>Stephan Weibelzahl &#8211; Private University of Applied Sciences G\u00f6ttingen Germany<br>Lanqin Zheng &#8211; Beijing Normal University China<\/p>\n\n\n\n<h4 class=\"wp-block-heading\">PC Members<\/h4>\n\n\n\n<p>Faruk Ahmed &#8211; The University of Memphis United States<br>Ali Al-Zawqari &#8211; Vrije Universitiet Brussel Belgium<br>Nazia Alam &#8211; North Carolina State University United States<br>Laia Alb\u00f3 &#8211; Universitat de Vic Spain<br>Laura Allen &#8211; University of Minnesota United States<br>Claudia Antunes &#8211; Universidade de Lisboa Portugal<br>Sim\u00f3n Pedro Arguijo &#8211; Tecnol\u00f3gico Nacional de M\u00e9xico campus Misantla Mexico<br>Jose Manuel Azevedo &#8211; P.PORTO \/ ISCAP &#8211; POLIT\u00c9CNICO DO PORTO Portugal<br>Aicha Bakki &#8211; LERIA &#8211; Angers University France<br>Ayan Banerjee &#8211; Arizona State University United States<br>Denilson Barbosa &#8211; University of Alberta Canada<br>Abhinava Barthakur &#8211; University of South Australia Australia<br>Marie Bexte &#8211; FernUniversit\u00e4t in Hagen Germany<br>Anis Bey &#8211; La Rochelle University France<br>Plaban Kumar Bhowmick &#8211; Indian Institute of Technology Kharagpur India<br>Nathaniel Blanchard &#8211; Colorado State University United States<br>Maria Bolsinova &#8211; Tilburg University Netherlands<br>Geoffray Bonnin &#8211; Universit\u00e9 de Lorraine &#8211; LORIA France<br>Conrad Borchers &#8211; Carnegie Mellon University United States<br>Mamadou Bousso &#8211; Thies University Senegal<br>Keith Brawner &#8211; United States Army Research Laboratory United States<br>Julien Broisin &#8211; IRIT, Universit\u00e9 Toulouse III &#8211; Paul Sabatier, Toulouse, France France<br>Armelle Brun &#8211; LORIA &#8211; Universit\u00e9 de Lorraine France<br>Minghao Cai &#8211; University of Alberta Canada<br>Renza Campagni &#8211; Universit\u00e0 degli Studi di Firenze Italy<br>Meng Cao &#8211; Carnegie Mellon University United States<br>Paulo Carvalho &#8211; Carnegie Mellon University United States<br>Mehmet Celepkolu &#8211; University of Florida United States<br>Guanliang Chen &#8211; Monash University Australia<br>Heeryung Choi &#8211; University of Minnesota United States<br>Irene-Angelica Chounta &#8211; University of Duisburg-Essen Germany<br>Wei Chu &#8211; The University of Memphis United States<br>Cheng-Yu Chung &#8211; Chunghwa Telecom Laboratories (CHTTL) Taiwan<br>Ruth Cobos &#8211; Universidad Aut\u00f3noma de Madrid Spain<br>Maria de Los Angeles Constantino Gonz\u00e1lez &#8211; Tecnol\u00f3gico de Monterrey Campus Laguna Mexico<br>Maria Cutumisu &#8211; McGill University Canada<br>Cynthia D&#8217;Angelo &#8211; University of Illinois at Urbana-Champaign United States<br>Jesper Dannath &#8211; Universit\u00e4t Bielefeld Germany<br>Syaamantak Das &#8211; Indian Institute of Technology Bombay India<br>M Ali Akber Dewan &#8211; Athabasca University Canada<br>Nicholas Diana &#8211; Colgate University United States<br>Fahima Djelil &#8211; IMT Atlantique France<br>Cristina Dumdumaya &#8211; University of Southeastern Philippines Philippines<br>Nghia Duong-Trung &#8211; German Research Centre for Artificial Intelligence Germany<br>Luke Eglington &#8211; Amplify Education Inc. United States<br>Effat Farhana &#8211; Vanderbilt University United States<br>M\u00e1rcia Fernandes &#8211; Federal University of Uberl\u2ba4ia Brazil<br>Nigel Fernandez &#8211; University of Massachusetts Amherst United States<br>Jeremiah Folsom-Kovarik &#8211; Soar Technology, Inc. United States<br>Davide Fossati &#8211; Emory University United States<br>Kazuma Fuchimoto &#8211; The University of Electro-Communications Japan<br>Hagit Gabbay &#8211; School of Education, Tel Aviv University Israel<br>Wenbin Gan &#8211; National Institute of Information and Communications Technology Japan<br>Adam Gaweda &#8211; North Carolina State University United States<br>Aldo Gordillo &#8211; Universidad Polit\u00e9cnica de Madrid (UPM) Spain<br>Guher Gorgun &#8211; University of Alberta Canada<br>Sabine Graf &#8211; Athabasca University Canada<br>Julio Guerra &#8211; Universidad Austral de Chile Chile<br>Ella Haig &#8211; School of Computing, University of Portsmouth United Kingdom<br>Feifei Han &#8211; Australian Catholic University Australia<br>Ching Nam Hang &#8211; Saint Francis University Hong Kong<br>Jiangang Hao &#8211; Educational Testing Service United States<br>Jason Harley &#8211; McGill University Canada<br>Yomna Hassan &#8211;<br>Carl Haynes-Magyar &#8211; Carnegie Mellon University United States<br>Surina He &#8211; University of Alberta Canada<br>Sami Heikkinen &#8211; LAB University of Applied Sciences Finland<br>Nicolas Hernandez &#8211; Nantes Universit\u00e9 &#8211; LS2N CNRS UMR 6004 France<br>Martin Hlosta &#8211; The Swiss Distance University of Applied Sciences Switzerland<br>Brahim Hmedna &#8211; ibn zohr university science agadir Morocco<br>Anett Hoppe &#8211; TIB Leibniz Information Centre for Science and Technology; L3S Research Centre, Leibniz Universit\u00e4t Hannover Germany<br>Paul Hur &#8211; Free University of Berlin Germany<br>Stephen Hutt &#8211; University of Denver United States<br>S\u00e9bastien Iksal &#8211; LIUM &#8211; Le Mans Universit\u00e9, France France<br>Vladimir Ivan\u010devi\u0107 &#8211; University of Novi Sad, Faculty of Technical Sciences Serbia<br>Hyeji Jang &#8211; Ewha Womans University South Korea<br>Lan Jiang &#8211; University of Illinois Urbana-Champaign United States<br>Yang Jiang &#8211; Columbia University United States<br>Jina Kang &#8211; University of Illinois Urbana-Champaign United States<br>Mohammad Khalil &#8211; University of Bergen Norway<br>Ean Teng Khor &#8211; National Institute of Education, Nanyang Technological University Singapore<br>Ekaterina Kochmar &#8211; MBZUAI United Arab Emirates<br>Sotiris Kotsiantis &#8211; University of Patras Greece<br>Vitomir Kovanovic &#8211; The University of South Australia Australia<br>Milos Kravcik &#8211; DFKI GmbH Germany<br>Swathi Krishnaraja &#8211; University of Potsdam Germany<br>Amruth Kumar &#8211; Ramapo College of New Jersey United States<br>Hatim Lahza &#8211; The University of Queensland Australia<br>Hollis Lai &#8211; University of Alberta Canada<br>Mikel Larra\u00f1aga &#8211; University of the Basque Country Spain<br>Tai Le Quy &#8211; University of Koblenz Germany<br>Alwyn Vwen Yen Lee &#8211; Nanyang Technological University Singapore<br>Marie Lefevre &#8211; LIRIS &#8211; Universit\u00e9 Lyon 1 France<br>Arun Balajiee Lekshmi Narayanan &#8211; University of Pittsburgh United States<br>Jiawei Li &#8211; Nanyang Technological University China<br>Jionghao Lin &#8211; Carnegie Mellon University United States<br>Zhexiong Liu &#8211; University of Pittsburgh United States<br>Yu Lu &#8211; Beijing Normal University China<br>Ivan Lukovi\u0107 &#8211; University of Belgrade, Faculty of Organizational Sciences Serbia<br>Nick Lytle &#8211; Georgia Institute of Technology United States<br>Sonsoles L\u00f3pez-Pernas &#8211; University of Eastern Finland Finland<br>Boxuan Ma &#8211; Kyushu University Japan<br>Qiang Ma &#8211; Kyoto Institute of Technology Japan<br>Qianou Ma &#8211; Carnegie Mellon University Human-Computer Interaction Institute United States<br>Yael Feldman Maggor &#8211; KTH Royal Institute of Technology Sweden<br>Aditi Mallavarapu &#8211; University of Illinois at Chicago United States<br>Jeffrey Matayoshi &#8211; McGraw Hill ALEKS United States<br>Ahmad Mel &#8211; IDLab, Ghent University Belgium<br>Victor Menendez-Dominguez &#8211; Universidad Aut\u00f3noma de Yucat\u00e1n Mexico<br>Donatella Merlini &#8211; Universit\u00e0 di Firenze Italy<br>Tsunenori Mine &#8211; Kyushu University Japan<br>Tsubasa Minematsu &#8211; Kyushu University Japan<br>Sein Minn &#8211; INRIA France<br>Phaedra Mohammed &#8211; The University of the West Indies Trinidad and Tobago<br>Luis Alberto Morales Rosales &#8211; Conacyt-Universidad Michoacana de San Nicol\u00e1s de Hidalgo Mexico<br>Pedro Manuel Moreno-Marcos &#8211; Universidad Carlos III de Madrid Spain<br>Kousuke Mouri &#8211; Tokyo University of Agriculture and Technology Japan<br>Pedro J. Mu\u00f1oz-Merino &#8211; Universidad Carlos III de Madrid Spain<br>Tanya Nazaretsky &#8211; EPFL Israel<br>Huy Nguyen &#8211; University of Pittsburgh United States<br>Ange Adrienne Nyamen Tato &#8211; Universit\u00e9 Laval Canada<br>Teresa Ober &#8211; Educational Testing Service United States<br>Korinn Ostrow &#8211; Edmentum United States<br>Tounwendyam Fr\u00e9d\u00e9ric Ouedraogo &#8211; Universit\u00e9 Norbert ZONGO Burkina Faso<br>Maciej Pankiewicz &#8211; University of Pennsylvania Poland<br>Yancy Vance Paredes &#8211; Arizona State University United States<br>Philip I. Pavlik Jr. &#8211; University of Memphis United States<br>Jorge Poco &#8211; Funda\u00e7\u00e3o Getulio Vargas Brazil<br>Paul Stefan Popescu &#8211; University of Craiova Romania<br>Oleksandra Poquet &#8211; Technical University of Munich Germany<br>David Pritchard &#8211; Massachusetts Institute of Technology United States<br>Napol Rachatasumrit &#8211; Carnegie Mellon University United States<br>Narjes Rohani &#8211; University of Edinburgh United Kingdom<br>Jos\u00e9 Ra\u00fal Romero &#8211; University of Cordoba Spain<br>Joshua Rosenberg &#8211; University of Tennessee, Knoxville United States<br>Daniela Rotelli &#8211; University of Pisa Italy<br>Vasile Rus &#8211; The University of Memphis United States<br>Mirka Saarela &#8211; University of Jyv\u00e4skyl\u00e4 Finland<br>Asaf Salman &#8211;<br>Sreecharan Sankaranarayanan &#8211; Carnegie Mellon University United States<br>Petra Sauer &#8211; beuth university of applied sciences Germany<br>Eliana Scheihing &#8211; Universidad Austral de Chile Chile<br>Robin Matthias Schmucker &#8211; Carnegie Mellon University Germany<br>Filippo Sciarrone &#8211; Universitas Mercatorum Italy<br>Lele Sha &#8211; Monash University Australia<br>Lei Shi &#8211; Newcastle University United Kingdom<br>Aditi Singh &#8211; Cleveland State University United States<br>Daevesh Singh &#8211; Indian Institute of Technology India<br>Maxim Skryabin &#8211; Skryabin.PRO Russia<br>Stefan Slater &#8211; Teachers College United States<br>\u00c1lvaro Sobrinho &#8211; Federal University of the Agreste of Pernambuco Brazil<br>Frank Stinar &#8211; University of Illinois &#8211; Urbana Champaign United States<br>Jun-Ming Su &#8211; Department of Information and Learning Technology, National University of Tainan Taiwan<br>Ashwin T S &#8211; Vanderbilt University United States<br>Ana\u00efs Tack &#8211; KU Leuven Belgium<br>Ling Tan &#8211; Australian Council for Educational Research Australia<br>Michelle Taub &#8211; University of Central Florida United States<br>Khushboo Thaker &#8211; University of Pittsburgh United States<br>Craig Thompson &#8211; The University of British Columbia Canada<br>Emiko Tsutsumi &#8211; The University of Electro-Communications Japan<br>Maya Usher &#8211; Technion Israel<br>Masaki Uto &#8211; The University of Electro-Communications Japan<br>Oswaldo Velez-Langs &#8211; Universidad de Cordoba Colombia<br>R\u00e9mi Venant &#8211; Le Mans Universit\u00e9 &#8211; LIUM France<br>Markel Vigo &#8211; The University of Manchester United Kingdom<br>Alessandro Vivas &#8211; UFVJM Brazil<br>Tuyet-Trinh Vu &#8211; SOICT-HUST Viet Nam<br>Deliang Wang &#8211; The University of Hong Kong Hong Kong<br>Daniel Weitekamp &#8211; Carnegie Mellon University United States<br>Jacob Whitehill &#8211; Worcester Polytechnic Institute United States<br>Alistair Willis &#8211; The Open University United Kingdom<br>Aaron Wong &#8211; University of Minnesota United States<br>Beverly Park Woolf &#8211; University of Massachusetts United States<br>Peter Wulff &#8211; Heidelberg University of Education Germany<br>Elad Yacobson &#8211; Weizmann Institue of Science Israel<br>Amelia Zafra G\u00f3mez &#8211; Department of Computer Sciences and Numerical Analysis Spain<br>Andrew Zamecnik &#8211; University of South Australia Australia<br>Alfredo Zapata Gonz\u00e1lez &#8211; Universidad Autonoma de Yucatan Mexico<br>Diego Zapata-Rivera &#8211; Educational Testing Service United States<br>Jiayi Zhang &#8211; University of Pennsylvania United States<br>Yingbin Zhang &#8211; South China Normal University China<br>Jia Zhu &#8211; The Ohio State University United States<br>Craig Zilles &#8211; University of Illinois at Urbana-Champaign United States<br>P\u00fcren \u00d6ncel &#8211; University of Minnesota Twin Cities United States<br>Juan Alfonso Lara Torralbo &#8211; Universidad de C\u00f3rdoba Spain<\/p>\n","protected":false},"excerpt":{"rendered":"<p>Senior PC Members Bita Akram &#8211; North Carolina State University United StatesVincent Aleven &#8211; Human-Computer Interaction Institute, Carnegie Mellon University, Pittsburgh, USA TurkmenistanRoger Azevedo &#8211; University of Central Florida United StatesRyan Baker &#8211; University of Pennsylvania United StatesTiffany Barnes &#8211; North Carolina State University United StatesNigel Bosch &#8211; University of Illinois Urbana-Champaign United StatesAnthony F. [&hellip;]<\/p>\n","protected":false},"author":26,"featured_media":0,"parent":0,"menu_order":0,"comment_status":"closed","ping_status":"closed","template":"","meta":{"_acf_changed":false,"footnotes":""},"categories":[],"tags":[],"class_list":["post-245","page","type-page","status-publish","hentry"],"acf":[],"_links":{"self":[{"href":"https:\/\/educationaldatamining.org\/edm2025\/wp-json\/wp\/v2\/pages\/245","targetHints":{"allow":["GET"]}}],"collection":[{"href":"https:\/\/educationaldatamining.org\/edm2025\/wp-json\/wp\/v2\/pages"}],"about":[{"href":"https:\/\/educationaldatamining.org\/edm2025\/wp-json\/wp\/v2\/types\/page"}],"author":[{"embeddable":true,"href":"https:\/\/educationaldatamining.org\/edm2025\/wp-json\/wp\/v2\/users\/26"}],"replies":[{"embeddable":true,"href":"https:\/\/educationaldatamining.org\/edm2025\/wp-json\/wp\/v2\/comments?post=245"}],"version-history":[{"count":4,"href":"https:\/\/educationaldatamining.org\/edm2025\/wp-json\/wp\/v2\/pages\/245\/revisions"}],"predecessor-version":[{"id":684,"href":"https:\/\/educationaldatamining.org\/edm2025\/wp-json\/wp\/v2\/pages\/245\/revisions\/684"}],"wp:attachment":[{"href":"https:\/\/educationaldatamining.org\/edm2025\/wp-json\/wp\/v2\/media?parent=245"}],"wp:term":[{"taxonomy":"category","embeddable":true,"href":"https:\/\/educationaldatamining.org\/edm2025\/wp-json\/wp\/v2\/categories?post=245"},{"taxonomy":"post_tag","embeddable":true,"href":"https:\/\/educationaldatamining.org\/edm2025\/wp-json\/wp\/v2\/tags?post=245"}],"curies":[{"name":"wp","href":"https:\/\/api.w.org\/{rel}","templated":true}]}}