
{"id":508,"date":"2020-07-17T01:56:33","date_gmt":"2020-07-17T01:56:33","guid":{"rendered":"http:\/\/educationaldatamining.org\/edm2020\/?page_id=508"},"modified":"2020-07-23T15:35:47","modified_gmt":"2020-07-23T15:35:47","slug":"awards","status":"publish","type":"page","link":"https:\/\/educationaldatamining.org\/edm2020\/awards\/","title":{"rendered":"Awards"},"content":{"rendered":"\n<h3 class=\"wp-block-heading\">Prof. Ram Kumar Educational Data Mining Test of Time Award<\/h3>\n\n\n\n<table class=\"wp-block-table\"><tbody><tr><td><p><strong>2020 Test of Time Award: <\/strong>Data Mining to Classify Students<br>Crist\u00f3bal Romero, Sebasti\u00e1n Ventura, Pedro G. Espejo and C\u00e9sar Herv\u00e1s<br><br>Initially published at the <a href=\"https:\/\/educationaldatamining.org\/EDM2008\/\">1st International Conference on Educational Data Mining (2008)<\/a><br><br>Crist\u00f3bal Romero, Sebasti\u00e1n Ventura, Pedro G. Espejo and C\u00e9sar Herv\u00e1s will give the award talk at the 14th Educational Data Mining Conference (EDM 2021)<\/p><a href=\"https:\/\/www.educationaldatamining.org\/EDM2008\/uploads\/proc\/1_Romero_3.pdf\"><i class=\"fa fa-file-pdf-o\" aria-hidden=\"true\"> Paper<\/i><\/a><\/td><\/tr><tr><td><p><strong>2019 Test of Time Award: <\/strong>The state of Educational Data Mining in 2009: A review and future visions<br>Ryan S. Baker &amp; Kalina Yacef<br><br>Initially published in Vol. 1 No. 1 of the <a href=\"https:\/\/jedm.educationaldatamining.org\/index.php\/JEDM\/issue\/view\/5\">Journal of Educational Data Mining (2009)<\/a><br><br>Ryan Baker and Kalina Yacef gave the award talk at the 13th Educational Data Mining Conference (EDM2020).<\/p><a href=\"https:\/\/jedm.educationaldatamining.org\/index.php\/JEDM\/article\/view\/8\"><i class=\"fa fa-file-pdf-o\" aria-hidden=\"true\"> Paper<\/i><\/a> | <a href=\"https:\/\/youtu.be\/CWAPnGQodBY\"><i class=\"fa fa-youtube-play\" aria-hidden=\"true\"> Video presentation<\/i><\/a><\/td><\/tr><\/tbody><\/table>\n\n\n\n<h2 class=\"wp-block-heading\">Paper awards<\/h2>\n\n\n\n<h3 class=\"wp-block-heading\">Winners<\/h3>\n\n\n\n<table class=\"wp-block-table\"><tbody><tr><td><strong><\/strong><p><strong>Best paper: <\/strong>Variational Item Response Theory: Fast, Accurate, and Expressive.<br>Mike Wu, Richard Davis, Benjamin Domingue, Chris Piech and Noah Goodman<\/p><a href=\"https:\/\/educationaldatamining.org\/files\/conferences\/EDM2020\/papers\/paper_22.pdf\"><i class=\"fa fa-file-pdf-o\" aria-hidden=\"true\"><\/i> Paper<\/a> | <a href=\"https:\/\/youtu.be\/OU7SffzDDZI\"><i class=\"fa fa-youtube-play\" aria-hidden=\"true\"><\/i> Video presentation<\/a><\/td><\/tr><tr><td><p><strong>Best student paper: <\/strong>Enhancing Student Competency Models for Game-Based Learning with a Hybrid Stealth Assessment Framework.<br>Nathan Henderson, Vikram Kumaran, Wookhee Min, Bradford Mott, Ziwei Wu, Danielle Boulden, Trudi Lord, Frieda Reichsman, Chad Dorsey, Eric Wiebe and James Lester<\/p><a href=\"https:\/\/educationaldatamining.org\/files\/conferences\/EDM2020\/papers\/paper_158.pdf\"><i class=\"fa fa-file-pdf-o\" aria-hidden=\"true\"><\/i> Paper<\/a> | <a href=\"https:\/\/youtu.be\/HrMNPFgsQ8I\"><i class=\"fa fa-youtube-play\" aria-hidden=\"true\"><\/i> Video presentation<\/a><\/td><\/tr><\/tbody><\/table>\n\n\n\n<h3 class=\"wp-block-heading\">Best paper nominees<\/h3>\n\n\n\n<table class=\"wp-block-table\"><tbody><tr><td><p><b>&#8220;Hello, [REDACTED]&#8221;: Protecting Student Privacy in Analyses of Online Discussion Forums<\/b><br>Nigel Bosch, Wes Crues, Najmuddin Shaik and Luc Paquette<\/p><a href=\"https:\/\/educationaldatamining.org\/files\/conferences\/EDM2020\/papers\/paper_26.pdf\"><i class=\"fa fa-file-pdf-o\" aria-hidden=\"true\"><\/i> Paper<\/a> | <a href=\"https:\/\/youtu.be\/VfYimN7gNjQ\"><i class=\"fa fa-youtube-play\" aria-hidden=\"true\"><\/i> Video presentation<\/a><\/td><\/tr><tr><td><p><b>Enhancing Student Competency Models for Game-Based Learning with a Hybrid Stealth Assessment Framework<\/b><br>Nathan Henderson, Vikram Kumara, Wookhee Min, Bradford Mott, Ziwei Wu, Danielle Boulden, Trudi Lord, Frieda Reichsman, Chad Dorsey, Eric Wiebe and James Lester<\/p><a href=\"https:\/\/educationaldatamining.org\/files\/conferences\/EDM2020\/papers\/paper_158.pdf\"><i class=\"fa fa-file-pdf-o\" aria-hidden=\"true\"><\/i> Paper<\/a> | <a href=\"https:\/\/youtu.be\/HrMNPFgsQ8I\"><i class=\"fa fa-youtube-play\" aria-hidden=\"true\"><\/i> Video presentation<\/a><\/td><\/tr><tr><td><p><b>The effect of teachers reassigning students to new Cognitive Tutor sections<\/b><br>Adam Sales and John Pane<\/p><a href=\"https:\/\/educationaldatamining.org\/files\/conferences\/EDM2020\/papers\/paper_111.pdf\"><i class=\"fa fa-file-pdf-o\" aria-hidden=\"true\"><\/i> Paper<\/a> | <a href=\"https:\/\/youtu.be\/HiEmFgIV_XY\"><i class=\"fa fa-youtube-play\" aria-hidden=\"true\"><\/i> Video presentation<\/a><\/td><\/tr><tr><td><p><b>Variational Item Response Theory: Fast, Accurate, and Expressive<\/b><br>Mike Wu, Richard Davis, Benjamin Domingue, Chris Piech and Noah Goodman<\/p><a href=\"https:\/\/educationaldatamining.org\/files\/conferences\/EDM2020\/papers\/paper_22.pdf\"><i class=\"fa fa-file-pdf-o\" aria-hidden=\"true\"><\/i> Paper<\/a> | <a href=\"https:\/\/youtu.be\/OU7SffzDDZI\"><i class=\"fa fa-youtube-play\" aria-hidden=\"true\"><\/i> Video presentation<\/a><\/td><\/tr><\/tbody><\/table>\n\n\n\n<h3 class=\"wp-block-heading\">Best student paper nominees<\/h3>\n\n\n\n<table class=\"wp-block-table\"><tbody><tr><td><p><b>Enhancing Student Competency Models for Game-Based Learning with a Hybrid Stealth Assessment Framework<\/b><br>Nathan Henderson, Vikram Kumara, Wookhee Min, Bradford Mott, Ziwei Wu, Danielle Boulden, Trudi Lord, Frieda Reichsman, Chad Dorsey, Eric Wiebe and James Lester<\/p><a href=\"https:\/\/educationaldatamining.org\/files\/conferences\/EDM2020\/papers\/paper_158.pdf\"><i class=\"fa fa-file-pdf-o\" aria-hidden=\"true\"><\/i> Paper<\/a> | <a href=\"https:\/\/youtu.be\/HrMNPFgsQ8I\"><i class=\"fa fa-youtube-play\" aria-hidden=\"true\"><\/i> Video presentation<\/a><\/td><\/tr><tr><td><p><b>Variational Item Response Theory: Fast, Accurate, and Expressive<\/b><br>Mike Wu, Richard Davis, Benjamin Domingue, Chris Piech and Noah Goodman<\/p><a href=\"https:\/\/educationaldatamining.org\/files\/conferences\/EDM2020\/papers\/paper_22.pdf\"><i class=\"fa fa-file-pdf-o\" aria-hidden=\"true\"><\/i> Paper<\/a> | <a href=\"https:\/\/youtu.be\/OU7SffzDDZI\"><i class=\"fa fa-youtube-play\" aria-hidden=\"true\"><\/i> Video presentation<\/a><\/td><\/tr><\/tbody><\/table>\n","protected":false},"excerpt":{"rendered":"<p>Prof. Ram Kumar Educational Data Mining Test of Time Award 2020 Test of Time Award: Data Mining to Classify StudentsCrist\u00f3bal Romero, Sebasti\u00e1n Ventura, Pedro G. Espejo and C\u00e9sar Herv\u00e1s Initially published at the 1st International Conference on Educational Data Mining&#8230; <a class=\"more-link\" href=\"https:\/\/educationaldatamining.org\/edm2020\/awards\/\">Continue Reading &rarr;<\/a><\/p>\n","protected":false},"author":1,"featured_media":0,"parent":0,"menu_order":0,"comment_status":"closed","ping_status":"closed","template":"","meta":{"_acf_changed":false,"_exactmetrics_skip_tracking":false,"_exactmetrics_sitenote_active":false,"_exactmetrics_sitenote_note":"","_exactmetrics_sitenote_category":0,"footnotes":""},"class_list":["post-508","page","type-page","status-publish","hentry"],"acf":[],"_links":{"self":[{"href":"https:\/\/educationaldatamining.org\/edm2020\/wp-json\/wp\/v2\/pages\/508","targetHints":{"allow":["GET"]}}],"collection":[{"href":"https:\/\/educationaldatamining.org\/edm2020\/wp-json\/wp\/v2\/pages"}],"about":[{"href":"https:\/\/educationaldatamining.org\/edm2020\/wp-json\/wp\/v2\/types\/page"}],"author":[{"embeddable":true,"href":"https:\/\/educationaldatamining.org\/edm2020\/wp-json\/wp\/v2\/users\/1"}],"replies":[{"embeddable":true,"href":"https:\/\/educationaldatamining.org\/edm2020\/wp-json\/wp\/v2\/comments?post=508"}],"version-history":[{"count":7,"href":"https:\/\/educationaldatamining.org\/edm2020\/wp-json\/wp\/v2\/pages\/508\/revisions"}],"predecessor-version":[{"id":525,"href":"https:\/\/educationaldatamining.org\/edm2020\/wp-json\/wp\/v2\/pages\/508\/revisions\/525"}],"wp:attachment":[{"href":"https:\/\/educationaldatamining.org\/edm2020\/wp-json\/wp\/v2\/media?parent=508"}],"curies":[{"name":"wp","href":"https:\/\/api.w.org\/{rel}","templated":true}]}}